[INFO] fetching crate youtube3-util 0.1.0...
[INFO] checking youtube3-util-0.1.0 against try#72f88fc4e9458f89516a0b8b0868f3718aec5b47 for pr-74989
[INFO] extracting crate youtube3-util 0.1.0 into /workspace/builds/worker-4/source
[INFO] validating manifest of crates.io crate youtube3-util 0.1.0 on toolchain 72f88fc4e9458f89516a0b8b0868f3718aec5b47
[INFO] running `Command { std: "/workspace/cargo-home/bin/cargo" "+72f88fc4e9458f89516a0b8b0868f3718aec5b47" "read-manifest" "--manifest-path" "Cargo.toml", kill_on_drop: false }`
[INFO] started tweaking crates.io crate youtube3-util 0.1.0
[INFO] finished tweaking crates.io crate youtube3-util 0.1.0
[INFO] tweaked toml for crates.io crate youtube3-util 0.1.0 written to /workspace/builds/worker-4/source/Cargo.toml
[INFO] running `Command { std: "/workspace/cargo-home/bin/cargo" "+72f88fc4e9458f89516a0b8b0868f3718aec5b47" "generate-lockfile" "--manifest-path" "Cargo.toml" "-Zno-index-update", kill_on_drop: false }`
[INFO] running `Command { std: "/workspace/cargo-home/bin/cargo" "+72f88fc4e9458f89516a0b8b0868f3718aec5b47" "fetch" "--locked" "--manifest-path" "Cargo.toml", kill_on_drop: false }`
[INFO] [stderr]  Downloading crates ...
[INFO] [stderr]   Downloaded hyper-native-tls v0.3.0
[INFO] [stderr]   Downloaded google-youtube3 v1.0.13+20200402
[INFO] [stderr]   Downloaded yup-oauth2 v1.0.12
[INFO] running `Command { std: "docker" "create" "-v" "/var/lib/crater-agent-workspace/builds/worker-4/target:/opt/rustwide/target:rw,Z" "-v" "/var/lib/crater-agent-workspace/builds/worker-4/source:/opt/rustwide/workdir:ro,Z" "-v" "/var/lib/crater-agent-workspace/cargo-home:/opt/rustwide/cargo-home:ro,Z" "-v" "/var/lib/crater-agent-workspace/rustup-home:/opt/rustwide/rustup-home:ro,Z" "-e" "SOURCE_DIR=/opt/rustwide/workdir" "-e" "CARGO_TARGET_DIR=/opt/rustwide/target" "-e" "CARGO_HOME=/opt/rustwide/cargo-home" "-e" "RUSTUP_HOME=/opt/rustwide/rustup-home" "-w" "/opt/rustwide/workdir" "-m" "1610612736" "--user" "0:0" "--network" "none" "rustops/crates-build-env@sha256:d92eaeed33fa75130ca1ee6c8a01d1ffb62bac859dfdfb3450e3e5d1c0146529" "/opt/rustwide/cargo-home/bin/cargo" "+72f88fc4e9458f89516a0b8b0868f3718aec5b47" "metadata" "--no-deps" "--format-version=1", kill_on_drop: false }`
[INFO] [stderr] WARNING: Your kernel does not support swap limit capabilities or the cgroup is not mounted. Memory limited without swap.
[INFO] [stdout] 248f4414de613d499b5e991afa6f029a6b34a437f4988ef4d3a508b89e811f09
[INFO] running `Command { std: "docker" "start" "-a" "248f4414de613d499b5e991afa6f029a6b34a437f4988ef4d3a508b89e811f09", kill_on_drop: false }`
[INFO] running `Command { std: "docker" "inspect" "248f4414de613d499b5e991afa6f029a6b34a437f4988ef4d3a508b89e811f09", kill_on_drop: false }`
[INFO] running `Command { std: "docker" "rm" "-f" "248f4414de613d499b5e991afa6f029a6b34a437f4988ef4d3a508b89e811f09", kill_on_drop: false }`
[INFO] [stdout] 248f4414de613d499b5e991afa6f029a6b34a437f4988ef4d3a508b89e811f09
[INFO] running `Command { std: "docker" "create" "-v" "/var/lib/crater-agent-workspace/builds/worker-4/target:/opt/rustwide/target:rw,Z" "-v" "/var/lib/crater-agent-workspace/builds/worker-4/source:/opt/rustwide/workdir:ro,Z" "-v" "/var/lib/crater-agent-workspace/cargo-home:/opt/rustwide/cargo-home:ro,Z" "-v" "/var/lib/crater-agent-workspace/rustup-home:/opt/rustwide/rustup-home:ro,Z" "-e" "SOURCE_DIR=/opt/rustwide/workdir" "-e" "CARGO_TARGET_DIR=/opt/rustwide/target" "-e" "CARGO_INCREMENTAL=0" "-e" "RUST_BACKTRACE=full" "-e" "RUSTFLAGS=--cap-lints=forbid" "-e" "CARGO_HOME=/opt/rustwide/cargo-home" "-e" "RUSTUP_HOME=/opt/rustwide/rustup-home" "-w" "/opt/rustwide/workdir" "-m" "1610612736" "--user" "0:0" "--network" "none" "rustops/crates-build-env@sha256:d92eaeed33fa75130ca1ee6c8a01d1ffb62bac859dfdfb3450e3e5d1c0146529" "/opt/rustwide/cargo-home/bin/cargo" "+72f88fc4e9458f89516a0b8b0868f3718aec5b47" "check" "--frozen" "--all" "--all-targets" "--message-format=json", kill_on_drop: false }`
[INFO] [stdout] a30db9d1693531190c7c6a33332825129fe79b19702d2c053c57965ca0f5e419
[INFO] [stderr] WARNING: Your kernel does not support swap limit capabilities or the cgroup is not mounted. Memory limited without swap.
[INFO] running `Command { std: "docker" "start" "-a" "a30db9d1693531190c7c6a33332825129fe79b19702d2c053c57965ca0f5e419", kill_on_drop: false }`
[INFO] [stderr]    Compiling autocfg v1.0.1
[INFO] [stderr]    Compiling cc v1.0.59
[INFO] [stderr]    Compiling log v0.4.11
[INFO] [stderr]    Compiling byteorder v1.3.4
[INFO] [stderr]     Checking tinyvec v0.3.4
[INFO] [stderr]     Checking matches v0.1.8
[INFO] [stderr]    Compiling httparse v1.3.4
[INFO] [stderr]     Checking foreign-types-shared v0.1.1
[INFO] [stderr]    Compiling openssl v0.10.30
[INFO] [stderr]     Checking safemem v0.3.3
[INFO] [stderr]    Compiling native-tls v0.2.4
[INFO] [stderr]    Compiling serde v1.0.116
[INFO] [stderr]     Checking percent-encoding v1.0.1
[INFO] [stderr]    Compiling syn v1.0.40
[INFO] [stderr]     Checking language-tags v0.2.2
[INFO] [stderr]    Compiling serde_derive v1.0.116
[INFO] [stderr]    Compiling serde_json v1.0.57
[INFO] [stderr]     Checking typeable v0.1.2
[INFO] [stderr]     Checking traitobject v0.1.0
[INFO] [stderr]     Checking openssl-probe v0.1.2
[INFO] [stderr]     Checking itoa v0.4.6
[INFO] [stderr]     Checking antidote v1.0.0
[INFO] [stderr]    Compiling unicase v1.4.2
[INFO] [stderr]     Checking unicode-bidi v0.3.4
[INFO] [stderr]     Checking foreign-types v0.3.2
[INFO] [stderr]     Checking itertools v0.8.2
[INFO] [stderr]     Checking num_cpus v1.13.0
[INFO] [stderr]     Checking unicode-normalization v0.1.13
[INFO] [stderr]    Compiling num-traits v0.2.12
[INFO] [stderr]    Compiling num-integer v0.1.43
[INFO] [stderr]     Checking log v0.3.9
[INFO] [stderr]     Checking mime v0.2.6
[INFO] [stderr]     Checking base64 v0.9.3
[INFO] [stderr]     Checking base64 v0.10.1
[INFO] [stderr]    Compiling openssl-sys v0.9.58
[INFO] [stderr]     Checking idna v0.1.5
[INFO] [stderr]     Checking url v1.7.2
[INFO] [stderr]     Checking chrono v0.4.15
[INFO] [stderr]     Checking hyper v0.10.16
[INFO] [stderr]     Checking hyper-native-tls v0.3.0
[INFO] [stderr]     Checking yup-oauth2 v1.0.12
[INFO] [stderr]     Checking google-youtube3 v1.0.13+20200402
[INFO] [stderr]     Checking youtube3-util v0.1.0 (/opt/rustwide/workdir)
[INFO] [stdout] error[E0412]: cannot find type `FanFundingEventListCall` in this scope
[INFO] [stdout]   --> src/lib.rs:81:16
[INFO] [stdout]    |
[INFO] [stdout] 81 | gen_list_impl!(FanFundingEventListCall => FanFundingEventListResponse => FanFundingEvent);
[INFO] [stdout]    |                ^^^^^^^^^^^^^^^^^^^^^^^ not found in this scope
[INFO] [stdout] 
[INFO] [stdout] 
[INFO] [stdout] error[E0412]: cannot find type `FanFundingEventListResponse` in this scope
[INFO] [stdout]   --> src/lib.rs:81:43
[INFO] [stdout]    |
[INFO] [stdout] 81 | gen_list_impl!(FanFundingEventListCall => FanFundingEventListResponse => FanFundingEvent);
[INFO] [stdout]    |                                           ^^^^^^^^^^^^^^^^^^^^^^^^^^^ not found in this scope
[INFO] [stdout] 
[INFO] [stdout] 
[INFO] [stdout] error[E0412]: cannot find type `FanFundingEvent` in this scope
[INFO] [stdout]   --> src/lib.rs:81:74
[INFO] [stdout]    |
[INFO] [stdout] 81 | gen_list_impl!(FanFundingEventListCall => FanFundingEventListResponse => FanFundingEvent);
[INFO] [stdout]    |                                                                          ^^^^^^^^^^^^^^^ not found in this scope
[INFO] [stdout] 
[INFO] [stdout] 
[INFO] [stdout] warning: trait objects without an explicit `dyn` are deprecated
[INFO] [stdout]    --> src/lib.rs:112:17
[INFO] [stdout]     |
[INFO] [stdout] 112 |     base_call: Box<Fn(&'a YouTube<C, A>) -> Call>
[INFO] [stdout]     |                    ^^^^^^^^^^^^^^^^^^^^^^^^^^^^^ help: use `dyn`: `dyn Fn(&'a YouTube<C, A>) -> Call`
[INFO] [stdout]     |
[INFO] [stdout]     = note: `#[warn(bare_trait_objects)]` on by default
[INFO] [stdout] 
[INFO] [stdout] 
[INFO] [stdout] warning: trait objects without an explicit `dyn` are deprecated
[INFO] [stdout]    --> src/lib.rs:122:47
[INFO] [stdout]     |
[INFO] [stdout] 122 |     pub fn new(hub: &'a YouTube<C, A>, base: Box<Fn(&'a YouTube<C, A>) -> Call>) -> YtResult<Self> {
[INFO] [stdout]     |                                                  ^^^^^^^^^^^^^^^^^^^^^^^^^^^^^ help: use `dyn`: `dyn Fn(&'a YouTube<C, A>) -> Call`
[INFO] [stdout] 
[INFO] [stdout] 
[INFO] [stdout] error[E0412]: cannot find type `FanFundingEventListCall` in this scope
[INFO] [stdout]   --> src/lib.rs:81:16
[INFO] [stdout]    |
[INFO] [stdout] 81 | gen_list_impl!(FanFundingEventListCall => FanFundingEventListResponse => FanFundingEvent);
[INFO] [stdout]    |                ^^^^^^^^^^^^^^^^^^^^^^^ not found in this scope
[INFO] [stdout] 
[INFO] [stdout] 
[INFO] [stdout] error[E0412]: cannot find type `FanFundingEventListResponse` in this scope
[INFO] [stdout]   --> src/lib.rs:81:43
[INFO] [stdout]    |
[INFO] [stdout] 81 | gen_list_impl!(FanFundingEventListCall => FanFundingEventListResponse => FanFundingEvent);
[INFO] [stdout]    |                                           ^^^^^^^^^^^^^^^^^^^^^^^^^^^ not found in this scope
[INFO] [stdout] 
[INFO] [stdout] 
[INFO] [stdout] error[E0412]: cannot find type `FanFundingEvent` in this scope
[INFO] [stdout]   --> src/lib.rs:81:74
[INFO] [stdout]    |
[INFO] [stdout] 81 | gen_list_impl!(FanFundingEventListCall => FanFundingEventListResponse => FanFundingEvent);
[INFO] [stdout]    |                                                                          ^^^^^^^^^^^^^^^ not found in this scope
[INFO] [stdout] 
[INFO] [stdout] 
[INFO] [stdout] warning: trait objects without an explicit `dyn` are deprecated
[INFO] [stdout]    --> src/lib.rs:112:17
[INFO] [stdout]     |
[INFO] [stdout] 112 |     base_call: Box<Fn(&'a YouTube<C, A>) -> Call>
[INFO] [stdout]     |                    ^^^^^^^^^^^^^^^^^^^^^^^^^^^^^ help: use `dyn`: `dyn Fn(&'a YouTube<C, A>) -> Call`
[INFO] [stdout]     |
[INFO] [stdout]     = note: `#[warn(bare_trait_objects)]` on by default
[INFO] [stdout] 
[INFO] [stdout] 
[INFO] [stdout] warning: trait objects without an explicit `dyn` are deprecated
[INFO] [stdout]    --> src/lib.rs:122:47
[INFO] [stdout]     |
[INFO] [stdout] 122 |     pub fn new(hub: &'a YouTube<C, A>, base: Box<Fn(&'a YouTube<C, A>) -> Call>) -> YtResult<Self> {
[INFO] [stdout]     |                                                  ^^^^^^^^^^^^^^^^^^^^^^^^^^^^^ help: use `dyn`: `dyn Fn(&'a YouTube<C, A>) -> Call`
[INFO] [stdout] 
[INFO] [stdout] 
[INFO] [stdout] error: aborting due to 3 previous errors; 2 warnings emitted
[INFO] [stdout] 
[INFO] [stdout] 
[INFO] [stdout] For more information about this error, try `rustc --explain E0412`.
[INFO] [stdout] 
[INFO] [stderr] error: could not compile `youtube3-util`.
[INFO] [stderr] 
[INFO] [stderr] To learn more, run the command again with --verbose.
[INFO] [stderr] warning: build failed, waiting for other jobs to finish...
[INFO] [stdout] error: aborting due to 3 previous errors; 2 warnings emitted
[INFO] [stdout] 
[INFO] [stdout] 
[INFO] [stdout] For more information about this error, try `rustc --explain E0412`.
[INFO] [stdout] 
[INFO] [stderr] error: build failed
[INFO] running `Command { std: "docker" "inspect" "a30db9d1693531190c7c6a33332825129fe79b19702d2c053c57965ca0f5e419", kill_on_drop: false }`
[INFO] running `Command { std: "docker" "rm" "-f" "a30db9d1693531190c7c6a33332825129fe79b19702d2c053c57965ca0f5e419", kill_on_drop: false }`
[INFO] [stdout] a30db9d1693531190c7c6a33332825129fe79b19702d2c053c57965ca0f5e419
